{"id":15554,"date":"2025-11-17T00:37:26","date_gmt":"2025-11-16T23:37:26","guid":{"rendered":"https:\/\/militaerverlag.de\/?post_type=product&#038;p=15554"},"modified":"2025-11-17T00:47:43","modified_gmt":"2025-11-16T23:47:43","slug":"auf-beiden-seiten","status":"publish","type":"product","link":"https:\/\/militaerverlag.de\/?product=auf-beiden-seiten","title":{"rendered":"Auf beiden Seiten"},"content":{"rendered":"<p>Die Berliner Polizeibeamtin Ute K\u00e4hler, eine mit Ostbiografie und t\u00e4tig im Polizeiabschnitt 15 im Prenzlauer Berg, arbeitet mit Menschen zusammen, die einst vor oder hinter der Mauer Dienst taten. Jahrzehnte nach dem Verschwinden der Grenze hat sie sich auf Spurensuche begeben. In ihren Geschichten, so die Polizeipr\u00e4sidentin in ihrem Vorwort, sind drei wichtige Dinge zu sp\u00fcren: \u00bbRespekt, gro\u00dfe N\u00e4he und eine noch gr\u00f6\u00dfere Sympathie f\u00fcr die Kollegen, ganz gleich, ob noch aktiv im Dienst oder bereits in Pension.\u00ab Es sind zeitgeschichtliche Zeugnisse, die das Verschwinden der Gegens\u00e4tze, aber auch Unterschiede dokumentieren. Wir lesen von Begebenheiten, die vergessen w\u00e4ren, h\u00e4tte Ute K\u00e4hler sie nicht aufgeschrieben. Das jedoch w\u00e4re sehr schade. \u00bbVor allem aber wird deutlich, dass es nicht die eine Erz\u00e4hlung von der Polizei zu Mauerzeiten gibt. Erst alle Geschichten zusammen ergeben ein facettenreiches Bild von der damaligen Lebens- und Arbeitswelt unmittelbar an der Staatsgrenze (wie es in der DDR hie\u00df) bzw. der Demarkationslinie (wie man in Berlin-West sagte). Dass sich die M\u00e4nner zudem noch vor Michael Keuschs Kamera zeigen, genau an den Orten, die mit ihren Erinnerungen verbunden sind, macht sie noch wahrhaftiger\u00ab, meint Dr. Barbara Slowik, Polizeipr\u00e4sidentin in Berlin<\/p>\n<p>ISBN\/EAN: 9783897933705<br \/>\n1. Auflage 2024<br \/>\nErscheinungstermin: 26.01.2024<br \/>\nSprache: deutsch<\/p>\n<p><a href=\"mailto:handel@militaerverlag.de?subject=Buchhandelsbestellung%209783897933705%20Auf%20beiden%20Seiten&amp;body=Bitte%20geben%20Sie%20bei%20jeder%20Bestellung%20unbedingt%20Ihre%20Verkehrsnummer%20an!\" target=\"_blank\" rel=\"noopener\">Das Buch als H\u00e4ndler beim Verlag bestellen<\/a><\/p>\n<p><a title=\"Buch bei buchhandel.de (neues Fenster)\" href=\"https:\/\/buchhandel.de\/buch\/9783897933705\" target=\"_blank\" rel=\"noopener\">Das Buch bei buchhandel.de<\/a><\/p>\n<p><a title=\"Katalogseite der Deutschen Nationalbibliothek (neues Fenster)\" href=\"https:\/\/d-nb.info\/1300475021\" target=\"_blank\" rel=\"noopener\">Das Buch im Katalog der Deutschen Nationalbibliothek<\/a><\/p>\n","protected":false},"excerpt":{"rendered":"<h3>Die Berliner Polizei an der Mauer \u2013 Geschichten<\/h3>\n<p>Die Berliner Polizeibeamtin Ute K\u00e4hler, eine mit Ostbiografie und t\u00e4tig im Polizeiabschnitt 15 im Prenzlauer Berg, arbeitet mit Menschen zusammen, die einst vor oder hinter der Mauer Dienst taten. Jahrzehnte nach dem Verschwinden der Grenze hat sie sich gemeinsam mit Fotograf Michael Keutsch auf Spurensuche begeben.<\/p>\n<p>ISBN: 978-3-89793-370-5<br \/>\n1. Auflage 2024<br \/>\n160 Seiten, 28 cm, Festeinband<\/p>\n","protected":false},"featured_media":15555,"comment_status":"open","ping_status":"closed","template":"","meta":[],"product_brand":[181],"product_cat":[183,182],"product_tag":[],"class_list":{"0":"post-15554","1":"product","2":"type-product","3":"status-publish","4":"has-post-thumbnail","6":"product_brand-verlag-am-park","7":"product_cat-michael-keusch-fotograf","8":"product_cat-ute-kaehler","10":"first","11":"instock","12":"taxable","13":"shipping-taxable","14":"purchasable","15":"product-type-simple"},"_links":{"self":[{"href":"https:\/\/militaerverlag.de\/index.php?rest_route=\/wp\/v2\/product\/15554","targetHints":{"allow":["GET"]}}],"collection":[{"href":"https:\/\/militaerverlag.de\/index.php?rest_route=\/wp\/v2\/product"}],"about":[{"href":"https:\/\/militaerverlag.de\/index.php?rest_route=\/wp\/v2\/types\/product"}],"replies":[{"embeddable":true,"href":"https:\/\/militaerverlag.de\/index.php?rest_route=%2Fwp%2Fv2%2Fcomments&post=15554"}],"wp:featuredmedia":[{"embeddable":true,"href":"https:\/\/militaerverlag.de\/index.php?rest_route=\/wp\/v2\/media\/15555"}],"wp:attachment":[{"href":"https:\/\/militaerverlag.de\/index.php?rest_route=%2Fwp%2Fv2%2Fmedia&parent=15554"}],"wp:term":[{"taxonomy":"product_brand","embeddable":true,"href":"https:\/\/militaerverlag.de\/index.php?rest_route=%2Fwp%2Fv2%2Fproduct_brand&post=15554"},{"taxonomy":"product_cat","embeddable":true,"href":"https:\/\/militaerverlag.de\/index.php?rest_route=%2Fwp%2Fv2%2Fproduct_cat&post=15554"},{"taxonomy":"product_tag","embeddable":true,"href":"https:\/\/militaerverlag.de\/index.php?rest_route=%2Fwp%2Fv2%2Fproduct_tag&post=15554"}],"curies":[{"name":"wp","href":"https:\/\/api.w.org\/{rel}","templated":true}]}}

<p>Die Berliner Polizeibeamtin Ute Kähler, eine mit Ostbiografie und tätig im Polizeiabschnitt 15 im Prenzlauer Berg, arbeitet mit Menschen zusammen, die einst vor oder hinter der Mauer Dienst taten. Jahrzehnte nach dem Verschwinden der Grenze hat sie sich auf Spurensuche begeben. In ihren Geschichten, so die Polizeipräsidentin in ihrem Vorwort, sind drei wichtige Dinge zu spüren: »Respekt, große Nähe und eine noch größere Sympathie für die Kollegen, ganz gleich, ob noch aktiv im Dienst oder bereits in Pension.« Es sind zeitgeschichtliche Zeugnisse, die das Verschwinden der Gegensätze, aber auch Unterschiede dokumentieren. Wir lesen von Begebenheiten, die vergessen wären, hätte Ute Kähler sie nicht aufgeschrieben. Das jedoch wäre sehr schade. »Vor allem aber wird deutlich, dass es nicht die eine Erzählung von der Polizei zu Mauerzeiten gibt. Erst alle Geschichten zusammen ergeben ein facettenreiches Bild von der damaligen Lebens- und Arbeitswelt unmittelbar an der Staatsgrenze (wie es in der DDR hieß) bzw. der Demarkationslinie (wie man in Berlin-West sagte). Dass sich die Männer zudem noch vor Michael Keuschs Kamera zeigen, genau an den Orten, die mit ihren Erinnerungen verbunden sind, macht sie noch wahrhaftiger«, meint Dr. Barbara Slowik, Polizeipräsidentin in Berlin</p>
<p>ISBN/EAN: 9783897933705<br />
1. Auflage 2024<br />
Erscheinungstermin: 26.01.2024<br />
Sprache: deutsch</p>
<p><a href="mailto:handel@militaerverlag.de?subject=Buchhandelsbestellung%209783897933705%20Auf%20beiden%20Seiten&amp;body=Bitte%20geben%20Sie%20bei%20jeder%20Bestellung%20unbedingt%20Ihre%20Verkehrsnummer%20an!" target="_blank" rel="noopener">Das Buch als Händler beim Verlag bestellen</a></p>
<p><a title="Buch bei buchhandel.de (neues Fenster)" href="https://buchhandel.de/buch/9783897933705" target="_blank" rel="noopener">Das Buch bei buchhandel.de</a></p>
<p><a title="Katalogseite der Deutschen Nationalbibliothek (neues Fenster)" href="https://d-nb.info/1300475021" target="_blank" rel="noopener">Das Buch im Katalog der Deutschen Nationalbibliothek</a></p>

<h3>Die Berliner Polizei an der Mauer – Geschichten</h3>
<p>Die Berliner Polizeibeamtin Ute Kähler, eine mit Ostbiografie und tätig im Polizeiabschnitt 15 im Prenzlauer Berg, arbeitet mit Menschen zusammen, die einst vor oder hinter der Mauer Dienst taten. Jahrzehnte nach dem Verschwinden der Grenze hat sie sich gemeinsam mit Fotograf Michael Keutsch auf Spurensuche begeben.</p>
<p>ISBN: 978-3-89793-370-5<br />
1. Auflage 2024<br />
160 Seiten, 28 cm, Festeinband</p>
