{"id":15197,"date":"2025-10-11T13:46:57","date_gmt":"2025-10-11T13:46:57","guid":{"rendered":"https:\/\/militaerverlag.com\/?post_type=product&#038;p=15197"},"modified":"2026-03-15T12:55:44","modified_gmt":"2026-03-15T11:55:44","slug":"frieden-mit-russland","status":"publish","type":"product","link":"https:\/\/militaerverlag.de\/?product=frieden-mit-russland","title":{"rendered":"Frieden mit Russland"},"content":{"rendered":"<div id=\"cmsmasters_row_\" class=\"cmsmasters_row cmsmasters_color_scheme_default cmsmasters_row_top_default cmsmasters_row_bot_default cmsmasters_row_boxed\">\n<div class=\"cmsmasters_row_outer_parent\">\n<div class=\"cmsmasters_row_outer\">\n<div class=\"cmsmasters_row_inner\">\n<div class=\"cmsmasters_row_margin\">\n<div id=\"cmsmasters_column_\" class=\"cmsmasters_column one_first\">\n<div class=\"cmsmasters_column_inner\"><div class=\"cmsmasters_text\">\n<p>Am Vorabend des 80. Jahrestages der Befreiung diskutierten zwei Dutzend Wissenschaftler, Milit\u00e4rs, Schriftsteller, Friedensaktivisten und Friedensforscher \u00fcber die wachsende Gefahr eines globalen Krieges. Und dies insbesondere unter den Aspekten einer fortschreitenden Militarisierung der Sprache und der Politik in Deutschland. Statt friedensf\u00e4hig sollen wir kriegst\u00fcchtig gemacht werden. Statt vern\u00fcnftig mit den Nachbarn zusammen zu leben und zu arbeiten, werden erneut die Gespenster des Kalten Krieges reanimiert. \u00bbDer Russe\u00ab, der alte Erbfeind, beabsichtige angeblich das christliche Abendland zu erobern \u2026<\/p>\n<p>Die kompetenten Referenten dieser Konferenz in Neuenhagen bei Berlin, darunter auch der einstige Stabschef von US-Au\u00dfenminister Colin Powell, sch\u00e4tzten die aktuelle Lage als sehr gef\u00e4hrlich ein. Gef\u00e4hrlicher als die Kuba-Krise und die Krise um Berlin. Es drohe die Gefahr eines atomaren Weltbrandes mit Ausl\u00f6schung der Menschheit. Der erste Schritt zur Deeskalation muss die Herstellung des Friedens in Europa sein.<\/p>\n<p>ISBN\/EAN: 9783327100035<br \/>\n1. Auflage 2025<br \/>\nErscheinungstermin: 15.05.2025<br \/>\nSprache: deutsch<\/p>\n<p><a href=\"mailto:handel@militaerverlag.de?subject=Buchhandelsbestellung%209783327100035%20Frieden%20mit%20Russland&amp;body=Bitte%20geben%20Sie%20bei%20jeder%20Bestellung%20unbedingt%20Ihre%20Verkehrsnummer%20an!\" target=\"_blank\" rel=\"noopener\">Das Buch als H\u00e4ndler beim Verlag bestellen<\/a><\/p>\n<p><a title=\"Buch bei buchhandel.de (neues Fenster)\" href=\"https:\/\/buchhandel.de\/buch\/9783327100035\" target=\"_blank\" rel=\"noopener\">Das Buch bei buchhandel.de<\/a><\/p>\n<p><a title=\"Katalogseite der Deutschen Nationalbibliothek (neues Fenster)\" href=\"https:\/\/d-nb.info\/1363898922\" target=\"_blank\" rel=\"noopener\">Das Buch im Katalog der Deutschen Nationalbibliothek<\/a><\/p>\n<\/div>\n<\/div><\/div>\n<\/div>\n<\/div>\n<\/div>\n<\/div>\n<\/div>\n\n","protected":false},"excerpt":{"rendered":"<h3>Konferenz des Ostdeutschen Kuratoriums von Verb\u00e4nden am 24. M\u00e4rz 2025<\/h3>\n<p>Am Vorabend des 80. Jahrestages der Befreiung Europas vom Hitlerfaschismus diskutierten auf Einladung des Ostdeutschen Kuratoriums von Verb\u00e4nden e. V. zwei Dutzend Wissenschaftler, Milit\u00e4rs, Schriftsteller, Friedensaktivisten und Friedensforscher \u00fcber die wachsende Gefahr eines globalen Krieges.<\/p>\n<p>ISBN: 978-3-327-10003-5<br \/>\n1. Auflage 2025<br \/>\n210 Seiten, 21 cm, brosch.<\/p>\n","protected":false},"featured_media":15142,"comment_status":"closed","ping_status":"closed","template":"","meta":[],"product_brand":[175],"product_cat":[135,136],"product_tag":[144,143,142],"class_list":{"0":"post-15197","1":"product","2":"type-product","3":"status-publish","4":"has-post-thumbnail","6":"product_brand-deutscher-militaerverlag","7":"product_cat-joachim-bonatz","8":"product_cat-rainer-rupp","9":"product_tag-geschichte-europa","10":"product_tag-militar","11":"product_tag-politik","13":"first","14":"instock","15":"taxable","16":"shipping-taxable","17":"purchasable","18":"product-type-simple"},"_links":{"self":[{"href":"https:\/\/militaerverlag.de\/index.php?rest_route=\/wp\/v2\/product\/15197","targetHints":{"allow":["GET"]}}],"collection":[{"href":"https:\/\/militaerverlag.de\/index.php?rest_route=\/wp\/v2\/product"}],"about":[{"href":"https:\/\/militaerverlag.de\/index.php?rest_route=\/wp\/v2\/types\/product"}],"replies":[{"embeddable":true,"href":"https:\/\/militaerverlag.de\/index.php?rest_route=%2Fwp%2Fv2%2Fcomments&post=15197"}],"wp:featuredmedia":[{"embeddable":true,"href":"https:\/\/militaerverlag.de\/index.php?rest_route=\/wp\/v2\/media\/15142"}],"wp:attachment":[{"href":"https:\/\/militaerverlag.de\/index.php?rest_route=%2Fwp%2Fv2%2Fmedia&parent=15197"}],"wp:term":[{"taxonomy":"product_brand","embeddable":true,"href":"https:\/\/militaerverlag.de\/index.php?rest_route=%2Fwp%2Fv2%2Fproduct_brand&post=15197"},{"taxonomy":"product_cat","embeddable":true,"href":"https:\/\/militaerverlag.de\/index.php?rest_route=%2Fwp%2Fv2%2Fproduct_cat&post=15197"},{"taxonomy":"product_tag","embeddable":true,"href":"https:\/\/militaerverlag.de\/index.php?rest_route=%2Fwp%2Fv2%2Fproduct_tag&post=15197"}],"curies":[{"name":"wp","href":"https:\/\/api.w.org\/{rel}","templated":true}]}}

<div id="cmsmasters_row_" class="cmsmasters_row cmsmasters_color_scheme_default cmsmasters_row_top_default cmsmasters_row_bot_default cmsmasters_row_boxed">
<div class="cmsmasters_row_outer_parent">
<div class="cmsmasters_row_outer">
<div class="cmsmasters_row_inner">
<div class="cmsmasters_row_margin">
<div id="cmsmasters_column_" class="cmsmasters_column one_first">
<div class="cmsmasters_column_inner"><div class="cmsmasters_text">
<p>Am Vorabend des 80. Jahrestages der Befreiung diskutierten zwei Dutzend Wissenschaftler, Militärs, Schriftsteller, Friedensaktivisten und Friedensforscher über die wachsende Gefahr eines globalen Krieges. Und dies insbesondere unter den Aspekten einer fortschreitenden Militarisierung der Sprache und der Politik in Deutschland. Statt friedensfähig sollen wir kriegstüchtig gemacht werden. Statt vernünftig mit den Nachbarn zusammen zu leben und zu arbeiten, werden erneut die Gespenster des Kalten Krieges reanimiert. »Der Russe«, der alte Erbfeind, beabsichtige angeblich das christliche Abendland zu erobern …</p>
<p>Die kompetenten Referenten dieser Konferenz in Neuenhagen bei Berlin, darunter auch der einstige Stabschef von US-Außenminister Colin Powell, schätzten die aktuelle Lage als sehr gefährlich ein. Gefährlicher als die Kuba-Krise und die Krise um Berlin. Es drohe die Gefahr eines atomaren Weltbrandes mit Auslöschung der Menschheit. Der erste Schritt zur Deeskalation muss die Herstellung des Friedens in Europa sein.</p>
<p>ISBN/EAN: 9783327100035<br />
1. Auflage 2025<br />
Erscheinungstermin: 15.05.2025<br />
Sprache: deutsch</p>
<p><a href="mailto:handel@militaerverlag.de?subject=Buchhandelsbestellung%209783327100035%20Frieden%20mit%20Russland&amp;body=Bitte%20geben%20Sie%20bei%20jeder%20Bestellung%20unbedingt%20Ihre%20Verkehrsnummer%20an!" target="_blank" rel="noopener">Das Buch als Händler beim Verlag bestellen</a></p>
<p><a title="Buch bei buchhandel.de (neues Fenster)" href="https://buchhandel.de/buch/9783327100035" target="_blank" rel="noopener">Das Buch bei buchhandel.de</a></p>
<p><a title="Katalogseite der Deutschen Nationalbibliothek (neues Fenster)" href="https://d-nb.info/1363898922" target="_blank" rel="noopener">Das Buch im Katalog der Deutschen Nationalbibliothek</a></p>
</div>
</div></div>
</div>
</div>
</div>
</div>
</div>

<h3>Konferenz des Ostdeutschen Kuratoriums von Verbänden am 24. März 2025</h3>
<p>Am Vorabend des 80. Jahrestages der Befreiung Europas vom Hitlerfaschismus diskutierten auf Einladung des Ostdeutschen Kuratoriums von Verbänden e. V. zwei Dutzend Wissenschaftler, Militärs, Schriftsteller, Friedensaktivisten und Friedensforscher über die wachsende Gefahr eines globalen Krieges.</p>
<p>ISBN: 978-3-327-10003-5<br />
1. Auflage 2025<br />
210 Seiten, 21 cm, brosch.</p>
