{"id":15168,"date":"2025-10-11T01:11:47","date_gmt":"2025-10-11T01:11:47","guid":{"rendered":"https:\/\/militaerverlag.com\/?post_type=product&#038;p=15168"},"modified":"2025-11-13T12:15:03","modified_gmt":"2025-11-13T11:15:03","slug":"ausgemustert","status":"publish","type":"product","link":"https:\/\/militaerverlag.de\/?product=ausgemustert","title":{"rendered":"Ausgemustert"},"content":{"rendered":"<div id=\"cmsmasters_row_9gut8y6spt\" class=\"cmsmasters_row cmsmasters_color_scheme_default cmsmasters_row_top_default cmsmasters_row_bot_default cmsmasters_row_boxed\">\n<div class=\"cmsmasters_row_outer_parent\">\n<div class=\"cmsmasters_row_outer\">\n<div class=\"cmsmasters_row_inner\">\n<div class=\"cmsmasters_row_margin\">\n<div id=\"cmsmasters_column_9qfc3hhgjp\" class=\"cmsmasters_column one_first\">\n<div class=\"cmsmasters_column_inner\"><div class=\"cmsmasters_text\">\n<p>Mit der DDR gingen auch ihre Streitkr\u00e4fte unter. Am 3. Oktober 1990 z\u00e4hlte man noch etwa 90.000 Soldaten, weit weniger als ein Viertel wurde von der Bundeswehr \u00fcbernommen \u2013 f\u00fcr zwei Jahre. Damals schwadronierten Politiker von der \u00bbArmee der Einheit\u00ab. Bis Ende 1998 schrumpfte jedoch der Anteil der Ex-NVA-Soldaten auf 9.300. 2016 hatten lediglich zwei von zweihundert deutschen Generalen einen \u00bbostdeutschen Hintergrund\u00ab \u2026<br \/>\nDie Mehrheit der DDR-Berufssoldaten, zumeist qualifizierte Spezialisten mit Hochschul- oder Fachschulabschluss, gingen notgedrungen in die Wirtschaft. Und behaupteten sich dort. Ihr Erfolg gr\u00fcndete nicht zuletzt auf ihrer Ausbildung, die sie in der DDR erfahren hatten. G\u00f6dde, einer von ihnen, stellt in seinem Buch einige ehemalige Kameraden vor, die es geschafft haben. Viele aber schafften es nicht. Das war nicht ihre Schuld. Doch das kapitalistische System vermag es noch immer, den Gescheiterten zu suggerieren, dass sie pers\u00f6nlich versagt h\u00e4tten. Deshalb fehlen in dieser Auswahl die weniger Erfolgreichen, solche, die mit der NVA ihre Perspektive und damit ihre Zukunft verloren.<\/p>\n<p>ISBN\/EAN: 9783327100042<br \/>\n1. Auflage 2025<br \/>\nErscheinungstermin: 15.07.2025<br \/>\nSprache: deutsch<\/p>\n<p><a href=\"mailto:handel@militaerverlag.de?subject=Buchhandelsbestellung%209783327100042%20Ausgemustert&amp;body=Bitte%20geben%20Sie%20bei%20jeder%20Bestellung%20unbedingt%20Ihre%20Verkehrsnummer%20an!\" target=\"_blank\" rel=\"noopener\">Das Buch als H\u00e4ndler beim Verlag bestellen<\/a><\/p>\n<p><a title=\"Buch bei buchhandel.de (neues Fenster)\" href=\"https:\/\/buchhandel.de\/buch\/9783327100042\" target=\"_blank\" rel=\"noopener\">Das Buch bei buchhandel.de<\/a><\/p>\n<p><a title=\"Katalogseite der Deutschen Nationalbibliothek (neues Fenster)\" href=\"https:\/\/d-nb.info\/136800752X\" target=\"_blank\" rel=\"noopener\">Das Buch im Katalog der Deutschen Nationalbibliothek<\/a><\/p>\n<\/div>\n<\/div><\/div>\n<\/div>\n<\/div>\n<\/div>\n<\/div>\n<\/div>\n\n","protected":false},"excerpt":{"rendered":"<h3>Was aus Angeh\u00f6rigen des K\u00fcstenraketenregiments der NVA wurde<\/h3>\n<p>Mit der DDR gingen auch ihre Streitkr\u00e4fte unter. Die Mehrheit der DDR-Berufssoldaten gingen notgedrungen in die Wirtschaft. G\u00f6dde, einer von ihnen, stellt in seinem Buch einige ehemalige Kameraden vor, die es geschafft haben.<\/p>\n<p>ISBN: 978-3-327-10004-2<br \/>\n1. Auflage 2025<br \/>\n152 Seiten, 21 cm, brosch.<\/p>\n","protected":false},"featured_media":15144,"comment_status":"closed","ping_status":"closed","template":"","meta":[],"product_brand":[175],"product_cat":[137],"product_tag":[],"class_list":{"0":"post-15168","1":"product","2":"type-product","3":"status-publish","4":"has-post-thumbnail","6":"product_brand-deutscher-militaerverlag","7":"product_cat-klaus-peter-goedde","9":"first","10":"instock","11":"taxable","12":"shipping-taxable","13":"purchasable","14":"product-type-simple"},"_links":{"self":[{"href":"https:\/\/militaerverlag.de\/index.php?rest_route=\/wp\/v2\/product\/15168","targetHints":{"allow":["GET"]}}],"collection":[{"href":"https:\/\/militaerverlag.de\/index.php?rest_route=\/wp\/v2\/product"}],"about":[{"href":"https:\/\/militaerverlag.de\/index.php?rest_route=\/wp\/v2\/types\/product"}],"replies":[{"embeddable":true,"href":"https:\/\/militaerverlag.de\/index.php?rest_route=%2Fwp%2Fv2%2Fcomments&post=15168"}],"wp:featuredmedia":[{"embeddable":true,"href":"https:\/\/militaerverlag.de\/index.php?rest_route=\/wp\/v2\/media\/15144"}],"wp:attachment":[{"href":"https:\/\/militaerverlag.de\/index.php?rest_route=%2Fwp%2Fv2%2Fmedia&parent=15168"}],"wp:term":[{"taxonomy":"product_brand","embeddable":true,"href":"https:\/\/militaerverlag.de\/index.php?rest_route=%2Fwp%2Fv2%2Fproduct_brand&post=15168"},{"taxonomy":"product_cat","embeddable":true,"href":"https:\/\/militaerverlag.de\/index.php?rest_route=%2Fwp%2Fv2%2Fproduct_cat&post=15168"},{"taxonomy":"product_tag","embeddable":true,"href":"https:\/\/militaerverlag.de\/index.php?rest_route=%2Fwp%2Fv2%2Fproduct_tag&post=15168"}],"curies":[{"name":"wp","href":"https:\/\/api.w.org\/{rel}","templated":true}]}}